(9 - -6 - 10))?
-57
6 + 2 - (323 - 279)
-36
Evaluate 19 + -8 + (-111 - -96).
-4
Evaluate (31 + -29 - 26) + 17 - (1 + -48).
40
Calculate -78 + (0 - (-43 + -103)).
68
(-1 - 1) + (-109 - -63 - -54)
6
What is 16 + (35 - 10) + -67?
-26
What is 55 - 93 - -4 - -39?
5
Calculate -3 - (4 + 6 + (13 - 12) + -13 + 90).
-91
Evaluate (-38 - -91) + 4 - -11.
68
What is (11 - 2) + -14 - (-107 - -140)?
-38
Evaluate 5 + (-4 - (-26 + 10 - -8 - (5 + 1))).
15
(-6 + 8 + 9 - (-2 - 37)) + -15 + 28
63
Calculate (0 - 11) + (786 - 764) + -6.
5
Calculate -9 - 4 - (-98 + (48 - (23 + -5))).
55
Calculate (-6 - -92 - (-72 - -61)) + -20.
77
Calculate (-15 + -11 - -58) + 6 - (-9 + -8).
55
Evaluate 1684 + -1652 - (-2 - 23).
57
What is the value of 202 + -73 + 56 + -120?
65
Evaluate (-195 - (-34 - 157)) + -2 + (0 - 16).
-22
What is the value of (-137 - ((-35 - -6) + 19)) + (3 - 3 - 1)?
-128
-24 + (0 - -3) - (82 - (-63 - -131))
-35
What is the value of 0 - (-6 - (-11 + 0) - (18 + 6))?
19
What is the value of -6 - ((-39 - -43) + (38 - ((5 - 3) + 3)))?
-43
Evaluate (8 + (1 - 8) - -9 - (-19 + 24)) + 28.
33
-16 - ((-28 - -37 - -10) + -27)
-8
What is the value of -4 - (1 - (2 + -58))?
-61
What is the value of (3 - (20 + -10)) + 44 + (0 - 13)?
24
Evaluate 6 - (-7 + -6) - (16 - -29 - -20).
-46
What is -79 - (-152 - -63) - 21?
-11
Calculate (-6 - 1) + (7 - (-6 + 5 + 1 + 8)).
-8
Calculate (24 - (20 + -10)) + 27 + -7.
34
Calculate 9 + -6 - (-149 - -171).
-19
What is the value of (1 - 0) + 52 + 0 + -6 + (145 - 130)?
62
What is -1 - 5 - (-7 + (-84 - -110))?
-25
What is 8 + (-28 + 11 - -62 - 16) + 13?
50
Calculate -7 - ((6 - (22 + -9)) + -4 + 4 + -66).
66
(0 - -34) + -3762 + 3733 - (0 - -45)
-40
Calculate 5 - (-12 + (8 - 8) + 5).
12
Calculate -62 - (33 + -84) - ((-1 - -1) + (-97 - 1)).
87
-10 - (16 + -6 - (-15 - -13 - 41))
-63
-111 - -87 - (7 - 77)
46
Evaluate 1 + 1 + -1 + (5 - 0) - (1739 + -1709).
-24
What is the value of 39 + -84 + 58 + (-12 - 2)?
-1
What is the value of ((-11 - -14) + 4 - 7) + -17 + -12 - -12?
-17
What is the value of 0 - -5 - -1 - (-4 - -4 - -7 - -39)?
-40
(-8 + -72 - -80) + (0 - -17)
17
Calculate -4 + (42 - (-25 - -11 - (-6 + 1 + -1))).
46
Evaluate (1 - 11) + (1 - (27 + -33) - 22).
-25
What is 123 + -336 - -119 - -230?
136
(39 - 68) + 21 + 26
18
12 + 2 + -4 + -96 + (0 - -64)
-22
What is the value of (-75 - -2) + -3 + (547 - 523)?
-52
(6 - (2 - -9) - (-3 + 9)) + -20
-31
What is (0 - 85) + (-130 - (-225 + 53))?
-43
What is the value of -159 - (-57 + -132 + 88)?
-58
What is -10 + (-20 - 0 - (213 + -205 - (1 + 4)))?
-33
What is (74 - 163) + (-45 - -97)?
-37
Evaluate (10 - 12) + -19 + -9.
-30
What is 88 - (9 + -88 - -197)?
-30
148 - (-88 - -141) - 80
15
Evaluate (135 - (149 - 65)) + (-29 - -1).
23
What is (-550 + 549 - (12 - 0)) + 23 + (0 - 73)?
-63
Evaluate 765 + -638 - (7 - -37).
83
Calculate 0 - -68 - ((-18 - -20) + 0 - 2).
68
What is 15 + (-13 + -12 + (-4 - -13) - -10) + 134?
143
What is the value of (-84 - (48 + -73)) + 50?
-9
32 - (51 + -45) - 43
-17
What is the value of (92 - 7) + 7 + -42 + 30?
80
What is 41 - (39 + -12 + -33)?
47
-73 - (-157 + 64) - (0 - 1 - -5)
16
What is the value of 11 + -2 + -283 + 294 - (-1 - -133)?
-112
Calculate -10 + -3 - ((12 + 0 - 20) + 2).
-7
Calculate 14 - (-5 + 20 + -21) - (1 + -9).
28
What is 197 + -37 + (132 - 172)?
120
Calculate 19 + (-42 + 4 + -4 - -16) - (41 + -1).
-47
(0 - 11 - -6 - -10 - 1) + 23
27
25 + 6 + (13 - (-7 + 24))
27
Calculate 19 - 34 - (-20 - (-10 - (-4 + -14) - 19)).
-6
Calculate 14 + 0 + -18 + 59.
55
Calculate (-3 - -1) + -17 + (-11 - (-7 - 0 - 6)).
-17
6 + 1 - (-51 + -25 + 73 - (-68 + 1))
-57
What is the value of 3 - 17 - 0 - (-90 - (43 - 22))?
97
What is the value of -1505 + 1504 - (-38 + -1)?
38
What is -103 - (-226 - (107 - 117))?
113
-36 - (36 + -43 - 25)
-4
Evaluate -28 - (10 + (-27 - -7) + 41).
-59
What is the value of -5 + -4 + 7 + 70 + -37?
31
What is the value of 2 + -2 + (319 - 305) + -49?
-35
Calculate -70 - (-11 - ((-17 - 5) + (-13 - -17))).
-77
What is 9 + 18 + -50 + 44 + -1?
20
What is -184 + 40 + 67 - -77?
0
Calculate -1 + 2 - (-297 + 318).
-20
Evaluate (283 - 94) + 4 + -115.
78
Evaluate 114 - 125 - ((-3 - 0 - (-6 + 6)) + 26).
-34
Calculate (-117 - -76) + (-1 - -2 - -12).
-28
Calculate 1 - -45 - (382 - 287).
-49
What is -9 - 3 - ((41 - 8) + -10)?
-35
What is the value of (-19 - (-25 - 37 - -17)) + -3?
23
Evaluate -35 + -44 + 18 + 62.
1
Evaluate 1984 + -1982 + -1 + 41.
42
What is -2 + -7 + -2 - (-2 + 10 + -6 + 2)?
-15
Calculate (-48 - -106) + -45 - (15 - 0).
-2
What is the value of -19 - (-27 + 4 + 21 + -17)?
0
What is -3014 + 3041 - ((3 - (1 - -10)) + -1 + 2)?
34
What is (39 - 61 - -47) + -38?
-13
Calculate -99 + (283 - 111) + (2 - 0 - (12 - -1)).
62
Evaluate -20 - ((12 + 6 - 12) + 1 + 7).
-34
Evaluate 27 - 38 - (2 + -6) - -16 - 51.
-42
What is 18 - (72 + -24 + -57)?
27
What is (50 - 36 - ((3 - 2) + 1)) + -25?
-13
What is -51 + 24 + 3 + (-26 - 11)?
-61
2 - (7 + (-5 - -4) + (-24 + -41 - -11))
50
Calculate -79 - (-25 + 75 + -115).
-14
What is 44 + -68 + (10 - -29)?
15
Evaluate 23 - (67 - 21) - (-2 - 0).
-21
What is the value of 41 + -42 + (35 - -37)?
71
Evaluate (-1 - (-7 - -11 - -5)) + (0 - -17) + 0.
7
What is the value of -126 - (-2 + 79 + -136)?
-67
Calculate 5 - (1 - -7) - (32 - 22) - -27.
14
Evaluate 104 + (23 - (0 + -1) - 46) - (-1 + -9).
92
29 - -155 - -61 - 136
109
17 - (0 - 75 - (-379 - -356))
69
Calculate -60 + (18 - (-36 - -19)).
-25
What is the value of -2 - (10 - (-9 - -5)) - (-50 - -42) - -4?
-4
-8 - -12 - (-4 + -7 + -85 + -14)
114
What is -31 - -1 - (1137 - 1147)?
-20
Calculate 48 - ((31 - -10) + -7).
14
What is the value of -11 - (-201 + 97 - (9 + -37))?
65
What is the value of (-3398 - -3420) + (2 - -49)?
73
What is the value of (70 - 26) + -36 + 5 - -13?
26
35 + 1 + (16 - (8 + -8 - -12))
40
Calculate 16 - (-22 + -17 + 19).
36
What is 10 + -24 + (-14 - (-2 + 6) - -12)?
-20
What is the value of 50 - (-2 + 16 + (-36 - (-35 - -2)))?
39
Evaluate -12 + 15 + 58 - 45.
16
Calculate -30 - (54 + (-51 - -29) + -85).
23
Evaluate 31 - (75 - (-8 + 30)).
-22
-102 + 70 + (20 - 48 - -8)
-52
Evaluate 6 + 7 + 37 - (-16 - (-22 - -20)).
64
(3 + -1 - -17 - 2) + (-19 - 104) + 116
10
Evaluate 14 - (1 + -10 - (13 + (-43 - -19))).
12
What is 0 - (101 + -66) - 116?
-151
Evaluate 10026 + -9891 - (1 - -121).
13
Evaluate 79 + (2 + 7 - 19 - -23) + -20.
72
What is 12 + 6 + -11 - (6 - 0)?
1
135 + (125 - 226) + 31
65
4 - (12 - 16) - (286 - 252)
-26
Evaluate -11 - (4 + 49 + -20).
-44
What is the value of -49 + 86 + 8 + -64?
-19
What is the value of (0 + -6 - (27 - (35 + 1))) + 36?
39
What is the value of -22 + (67 - -14) + -117?
-58
Calculate (-11 - -21) + (30 + -9 - 9) + -45.
-23
5 - 44 - (1 - 10 - (-13 + 5))
-38
What is (-6 + 0 - (85 + -88)) + 58 + 8?
63
Calculate (4 - -23) + -20 + -19 + 19.
7
-73 + 38 + 15 + 1 + -16
-35
Calculate 39 - (-199 + (67 - -54)).
117
1 - (-13 - -15) - (-76 + 98 - (1 - 7))
-29
-6 + 39 + 23 + -81
-25
What is the value of -10 + 2 + -23 - ((12 - -21) + -26)?
-38
Evaluate (25 - 64) + -3 - (-3 + (9 - 5)).
-43
What is -15 - -7 - (-40 - -50)?
-18
Calculate 7 - (4 - (-5 + 18 - (-20 - -25)) - -8).
3
What is -15 + 10 - (-25 + -14 - 11 - -2)?
43
What is the value of 89 - (38 + -91 - -97)?
45
What is the value of 1 - (-3 + (14 - (30 - 4)) - -87)?
-71
-18 + 65 + -23 - 23 - -32
33
Calculate 0 + 3 + 1 + (383 - 398) - -75.
64
What is -39 - (-153 - (-131 - -37))?
20
Evaluate -4 + (-20 + 20 - 24) + (15 - -7).
-6
Evaluate 36 - (-5 - (-55 - 4)).
-18
3 + -116 + (-3277 - -3365)
-25
What is the value of 6 + 9 + -29 + (26 - 23) + 17?
6
What is -1 + -10 + (-7 - 2 - 4) + 35?
11
What is the value of (40 + -12 + -24 - 26) + 61?
39
What is the value of (2 - -6) + -2 + 14 + 14 + -90?
-56
Evaluate (0 - 5) + 1 + -344 + 364 + -17 + -5.
-6
Evaluate (-29 - 21) + -2 + -15 + 9 + -7.
-65
What is (42 - -1) + -3 + 3 + 3?
46
Evaluate 4 + (-13 - ((3 - -6) + -25) - 45).
-38
What is the value of 2758 - 2680 - (147 - 7)?
-62
What is -2591 - -2554 - (1 + -4)?
-34
-21 + 75 + (-50 - 22) + (-120 - -1)
-137
Calculate (14 - 14 - -9) + 11 + 4 - (-2 - -2).
24
Calculate ((11 - -1) + 18 + -43 - 3) + 13.
-3
What is 74 + 8 + -6 - (598 + -568)?
46
What is the value of (-35 - 92) + 129 + -89?
-87
Calculate 14 + 31 + (0 + -20 - -14).
39
0 + -84 - (-6 